{"id":786,"date":"2025-03-24T21:19:56","date_gmt":"2025-03-24T20:19:56","guid":{"rendered":"https:\/\/www.heimatverein-hauenhorst.de\/?page_id=786"},"modified":"2025-12-15T15:10:51","modified_gmt":"2025-12-15T14:10:51","slug":"kinderkleiderboerse-am-heimathaus-hauenhorst","status":"publish","type":"page","link":"https:\/\/www.heimatverein-hauenhorst.de\/?page_id=786","title":{"rendered":"Kinderkleiderb\u00f6rse am Heimathaus Hauenhorst"},"content":{"rendered":"\n<p><\/p>\n\n\n\n<p>Die Kinderkleiderb\u00f6rse am Heimathaus Hauenhorst ist eine beliebte Veranstaltung, die Familien die M\u00f6glichkeit bietet, gut erhaltene Kinderkleidung, Spielzeug und andere n\u00fctzliche Dinge zu einem fairen Preis zu kaufen und zu verkaufen. Organisiert wird die B\u00f6rse vom Heimatverein Hauenhorst\/Catenhorn.<\/p>\n\n\n\n<p>Bereits zweimal fand die Veranstaltung mit gro\u00dfem Erfolg statt. Jedes Mal bieten zahlreiche Aussteller ihre Waren an, w\u00e4hrend Besucher die Gelegenheit nutzen, nachhaltige und preiswerte Schn\u00e4ppchen zu machen. Die freundliche und famili\u00e4re Atmosph\u00e4re macht die Kinderkleiderb\u00f6rse zu einem besonderen Erlebnis f\u00fcr alle Beteiligten.<\/p>\n\n\n\n<p>Neben dem regen Austausch an den Verkaufsst\u00e4nden sorgt der Heimatverein mit einem Imbissangebot f\u00fcr das leibliche Wohl. Besonders gelobt werden die gute Organisation, die \u00dcbersichtlichkeit des Gel\u00e4ndes und die nachhaltige Idee hinter der B\u00f6rse. Nicht verkaufte Kleidung kann auf Wunsch an die Mesumer Kleiderkammer gespendet werden.<\/p>\n\n\n\n<p>Aufgrund der positiven Resonanz plant der Heimatverein, die Kinderkleiderb\u00f6rse regelm\u00e4\u00dfig stattfinden zu lassen. In der Regel wird der Termin 14 Tage nach Beginn der Schulzeit nach den Sommerferien stattfinden.<\/p>\n\n\n\n<p>N\u00e4chster Termin: 6. September 2026<\/p>\n","protected":false},"excerpt":{"rendered":"<p>Die Kinderkleiderb\u00f6rse am Heimathaus Hauenhorst ist eine beliebte Veranstaltung, die Familien die M\u00f6glichkeit bietet, gut erhaltene Kinderkleidung, Spielzeug und andere n\u00fctzliche Dinge zu einem fairen Preis zu kaufen und zu verkaufen. Organisiert wird die B\u00f6rse vom Heimatverein Hauenhorst\/Catenhorn. Bereits zweimal <a class=\"more-link\" href=\"https:\/\/www.heimatverein-hauenhorst.de\/?page_id=786\">Weiterlesen\u00a0\u2026<\/a><\/p>\n","protected":false},"author":3,"featured_media":729,"parent":54,"menu_order":0,"comment_status":"closed","ping_status":"closed","template":"","meta":{"ngg_post_thumbnail":0,"footnotes":""},"class_list":["post-786","page","type-page","status-publish","has-post-thumbnail","hentry"],"_links":{"self":[{"href":"https:\/\/www.heimatverein-hauenhorst.de\/index.php?rest_route=\/wp\/v2\/pages\/786","targetHints":{"allow":["GET"]}}],"collection":[{"href":"https:\/\/www.heimatverein-hauenhorst.de\/index.php?rest_route=\/wp\/v2\/pages"}],"about":[{"href":"https:\/\/www.heimatverein-hauenhorst.de\/index.php?rest_route=\/wp\/v2\/types\/page"}],"author":[{"embeddable":true,"href":"https:\/\/www.heimatverein-hauenhorst.de\/index.php?rest_route=\/wp\/v2\/users\/3"}],"replies":[{"embeddable":true,"href":"https:\/\/www.heimatverein-hauenhorst.de\/index.php?rest_route=%2Fwp%2Fv2%2Fcomments&post=786"}],"version-history":[{"count":3,"href":"https:\/\/www.heimatverein-hauenhorst.de\/index.php?rest_route=\/wp\/v2\/pages\/786\/revisions"}],"predecessor-version":[{"id":926,"href":"https:\/\/www.heimatverein-hauenhorst.de\/index.php?rest_route=\/wp\/v2\/pages\/786\/revisions\/926"}],"up":[{"embeddable":true,"href":"https:\/\/www.heimatverein-hauenhorst.de\/index.php?rest_route=\/wp\/v2\/pages\/54"}],"wp:featuredmedia":[{"embeddable":true,"href":"https:\/\/www.heimatverein-hauenhorst.de\/index.php?rest_route=\/wp\/v2\/media\/729"}],"wp:attachment":[{"href":"https:\/\/www.heimatverein-hauenhorst.de\/index.php?rest_route=%2Fwp%2Fv2%2Fmedia&parent=786"}],"curies":[{"name":"wp","href":"https:\/\/api.w.org\/{rel}","templated":true}]}}