{"id":2,"date":"2019-10-05T18:10:42","date_gmt":"2019-10-05T18:10:42","guid":{"rendered":"http:\/\/wordpress.heimatverein-hauenhorst.de\/?page_id=2"},"modified":"2025-07-28T22:01:35","modified_gmt":"2025-07-28T20:01:35","slug":"verein","status":"publish","type":"page","link":"https:\/\/www.heimatverein-hauenhorst.de\/?page_id=2","title":{"rendered":"Verein"},"content":{"rendered":"\n<p>Der Heimatverein Hauenhorst \/ Catenhorn e.V. wurde 1975 gegr\u00fcndet. Im\n Gegensatz zu vielen Heimatvereinen der Region ist er ein sehr junger \nVerein. Wir m\u00f6chten Ihnen auf diesen Seiten unseren Verein n\u00e4her \nvorstellen.<\/p>\n\n\n\n<p><a href=\"http:\/\/wordpress.heimatverein-hauenhorst.de\/verein\/vorstand\">Vorstand<\/a><br>Der  Vorstand des Heimatvereins tagt monatlich am ersten Donnerstag im  Heimathaus. Hier finden Sie eine Auflistung der Vorstandsmitglieder mit  Funktion und Kontaktm\u00f6glichkeiten.<\/p>\n\n\n\n<p><a href=\"http:\/\/wordpress.heimatverein-hauenhorst.de\/verein\/spinngruppe\">Spinngruppe<\/a><br>Die Spinngruppe des Vereins, welche in den Wintermonaten regelm\u00e4\u00dfige Spinnabende abh\u00e4lt wird hier n\u00e4her vorgestellt.<\/p>\n\n\n\n<p><a href=\"http:\/\/wordpress.heimatverein-hauenhorst.de\/verein\/theatergruppe\">Theatergruppe<\/a><br>Die Theatergruppe des Vereins bereichert mit ihren Theaterst\u00fccken f\u00fcr Kinder in jedem Jahr verschiedene Veranstaltungen.<\/p>\n\n\n\n<p><a href=\"http:\/\/wordpress.heimatverein-hauenhorst.de\/verein\/baeckerteam\">B\u00e4ckerteam<\/a><br>Das  historische Backhaus auf dem Gel\u00e4nde ist das \u00e4lteste Geb\u00e4ude der  Anlage. Im traditionellen Steinbackofen backt das B\u00e4ckerteam die  beliebten Brote.<\/p>\n\n\n\n<p><a href=\"http:\/\/wordpress.heimatverein-hauenhorst.de\/verein\/kiepenkerl\">Kiepenkerl<\/a><br>Der Heimatverein freut sich, in seinen Reihen einen Kiepenkerl zu haben, der auf Veranstaltungen z.B. die G\u00e4ste begr\u00fc\u00dft.<\/p>\n\n\n\n<p><a href=\"http:\/\/wordpress.heimatverein-hauenhorst.de\/verein\/knueppeltruppe\">Kn\u00fcppeltruppe<\/a><br>Die  Kn\u00fcppeltruppe pflegt die Au\u00dfenanlagen des Heimathausgel\u00e4ndes, arbeitet  alte Ger\u00e4tschaften auf und ist Helfer in allen Gelegenheiten.<\/p>\n\n\n\n<p><a href=\"http:\/\/wordpress.heimatverein-hauenhorst.de\/verein\/volkstanzgruppe-de-kueoettersluede\">Volkstanzgruppe<\/a><br>Auf dieser Seite stellt sich unsere Volkstanzgruppe &#8220;De K\u00fc\u00f6ttersl\u00fcde&#8221; vor.<\/p>\n\n\n\n<p><a href=\"https:\/\/www.heimatverein-hauenhorst.de\/wp-content\/uploads\/2025\/07\/Satzung-Heimatverein-09-03-2019.pdf\" data-type=\"attachment\" data-id=\"834\">Satzung<\/a><br>Die aktuelle Satzung des Heimatvereins Hauenhorst\/Catenhorn zum Download.<\/p>\n\n\n\n<p><\/p>\n","protected":false},"excerpt":{"rendered":"<p>Der Heimatverein Hauenhorst \/ Catenhorn e.V. wurde 1975 gegr\u00fcndet. Im Gegensatz zu vielen Heimatvereinen der Region ist er ein sehr junger Verein. Wir m\u00f6chten Ihnen auf diesen Seiten unseren Verein n\u00e4her vorstellen. VorstandDer Vorstand des Heimatvereins tagt monatlich am ersten <a class=\"more-link\" href=\"https:\/\/www.heimatverein-hauenhorst.de\/?page_id=2\">Weiterlesen\u00a0\u2026<\/a><\/p>\n","protected":false},"author":1,"featured_media":0,"parent":0,"menu_order":2,"comment_status":"closed","ping_status":"closed","template":"","meta":{"ngg_post_thumbnail":0,"footnotes":""},"class_list":["post-2","page","type-page","status-publish","hentry"],"_links":{"self":[{"href":"https:\/\/www.heimatverein-hauenhorst.de\/index.php?rest_route=\/wp\/v2\/pages\/2","targetHints":{"allow":["GET"]}}],"collection":[{"href":"https:\/\/www.heimatverein-hauenhorst.de\/index.php?rest_route=\/wp\/v2\/pages"}],"about":[{"href":"https:\/\/www.heimatverein-hauenhorst.de\/index.php?rest_route=\/wp\/v2\/types\/page"}],"author":[{"embeddable":true,"href":"https:\/\/www.heimatverein-hauenhorst.de\/index.php?rest_route=\/wp\/v2\/users\/1"}],"replies":[{"embeddable":true,"href":"https:\/\/www.heimatverein-hauenhorst.de\/index.php?rest_route=%2Fwp%2Fv2%2Fcomments&post=2"}],"version-history":[{"count":6,"href":"https:\/\/www.heimatverein-hauenhorst.de\/index.php?rest_route=\/wp\/v2\/pages\/2\/revisions"}],"predecessor-version":[{"id":837,"href":"https:\/\/www.heimatverein-hauenhorst.de\/index.php?rest_route=\/wp\/v2\/pages\/2\/revisions\/837"}],"wp:attachment":[{"href":"https:\/\/www.heimatverein-hauenhorst.de\/index.php?rest_route=%2Fwp%2Fv2%2Fmedia&parent=2"}],"curies":[{"name":"wp","href":"https:\/\/api.w.org\/{rel}","templated":true}]}}