{"id":157,"date":"2020-06-14T17:53:11","date_gmt":"2020-06-14T17:53:11","guid":{"rendered":"http:\/\/wordpress.heimatverein-hauenhorst.de\/?page_id=157"},"modified":"2020-08-17T21:55:53","modified_gmt":"2020-08-17T19:55:53","slug":"baeckerteam","status":"publish","type":"page","link":"https:\/\/www.heimatverein-hauenhorst.de\/?page_id=157","title":{"rendered":"B\u00e4ckerteam"},"content":{"rendered":"\n<p>Ab dem Jahr 1998 wurde im Backhaus, dem \u00e4ltesten Geb\u00e4ude auf der Heimathausanlage, der historische Steinbackofen wiederaufgebaut. Das offizielle Anbacken fand am 30.11.2002 im Rahmen des ersten Nikolausmarktes statt.<\/p>\n\n\n\n<p>Seitdem k\u00fcmmert sich das B\u00e4ckerteam um den kompletten Vorgang bis zum fertigen Brot nach altem Rezept. Dies beginnt bereits mit dem Einkauf der Zutaten, der Teigherstellung nach alter Tradition in original historischen Maschinen \u00fcber das Vorbereiten des Holzes, das Anheizen bis zum endg\u00fcltigen Backvorgang.<\/p>\n\n\n\n<p>Werner Hesping begleitete die Backtradition seit dem Beginn des Wiederaufbaus des Ofens. Au\u00dferdem stand er Josef Kipp in der Backstube bis zum Jahr 2018 zur Seite. Nun ist dieser als gelernter B\u00e4cker mit jahrelanger Erfahrung f\u00fcr den gesamten Vorgang vom Teig zum fertigen Brot verantwortlich. An der Seite von Josef Kipp steht mittlerweiler sein Bruder Karl-Ernst Kipp zur Hilfe.<\/p>\n\n\n\n<p>An den Aktionstagen mit Backtag warten interessierte Besucher bereits lange vor \u00d6ffnung der Backstube auf das frische Brot aus dem Steinbackofen.<\/p>\n","protected":false},"excerpt":{"rendered":"<p>Ab dem Jahr 1998 wurde im Backhaus, dem \u00e4ltesten Geb\u00e4ude auf der Heimathausanlage, der historische Steinbackofen wiederaufgebaut. Das offizielle Anbacken fand am 30.11.2002 im Rahmen des ersten Nikolausmarktes statt. Seitdem k\u00fcmmert sich das B\u00e4ckerteam um den kompletten Vorgang bis zum <a class=\"more-link\" href=\"https:\/\/www.heimatverein-hauenhorst.de\/?page_id=157\">Weiterlesen\u00a0\u2026<\/a><\/p>\n","protected":false},"author":1,"featured_media":216,"parent":2,"menu_order":4,"comment_status":"closed","ping_status":"closed","template":"","meta":{"ngg_post_thumbnail":0,"footnotes":""},"class_list":["post-157","page","type-page","status-publish","has-post-thumbnail","hentry"],"_links":{"self":[{"href":"https:\/\/www.heimatverein-hauenhorst.de\/index.php?rest_route=\/wp\/v2\/pages\/157","targetHints":{"allow":["GET"]}}],"collection":[{"href":"https:\/\/www.heimatverein-hauenhorst.de\/index.php?rest_route=\/wp\/v2\/pages"}],"about":[{"href":"https:\/\/www.heimatverein-hauenhorst.de\/index.php?rest_route=\/wp\/v2\/types\/page"}],"author":[{"embeddable":true,"href":"https:\/\/www.heimatverein-hauenhorst.de\/index.php?rest_route=\/wp\/v2\/users\/1"}],"replies":[{"embeddable":true,"href":"https:\/\/www.heimatverein-hauenhorst.de\/index.php?rest_route=%2Fwp%2Fv2%2Fcomments&post=157"}],"version-history":[{"count":3,"href":"https:\/\/www.heimatverein-hauenhorst.de\/index.php?rest_route=\/wp\/v2\/pages\/157\/revisions"}],"predecessor-version":[{"id":201,"href":"https:\/\/www.heimatverein-hauenhorst.de\/index.php?rest_route=\/wp\/v2\/pages\/157\/revisions\/201"}],"up":[{"embeddable":true,"href":"https:\/\/www.heimatverein-hauenhorst.de\/index.php?rest_route=\/wp\/v2\/pages\/2"}],"wp:featuredmedia":[{"embeddable":true,"href":"https:\/\/www.heimatverein-hauenhorst.de\/index.php?rest_route=\/wp\/v2\/media\/216"}],"wp:attachment":[{"href":"https:\/\/www.heimatverein-hauenhorst.de\/index.php?rest_route=%2Fwp%2Fv2%2Fmedia&parent=157"}],"curies":[{"name":"wp","href":"https:\/\/api.w.org\/{rel}","templated":true}]}}