{"id":153,"date":"2020-06-14T17:31:57","date_gmt":"2020-06-14T17:31:57","guid":{"rendered":"http:\/\/wordpress.heimatverein-hauenhorst.de\/?page_id=153"},"modified":"2020-08-17T21:55:07","modified_gmt":"2020-08-17T19:55:07","slug":"theatergruppe","status":"publish","type":"page","link":"https:\/\/www.heimatverein-hauenhorst.de\/?page_id=153","title":{"rendered":"Theatergruppe"},"content":{"rendered":"\n<p>Seit dem Jahr 2002 gibt es im Heimatverein Hauenhorst \/ Catenhorn eine Theatergruppe. Sie besteht aus interessierten Laiendarstellern jeden Alters.<\/p>\n\n\n\n<p>Unter der Leitung von Ludger Quiter f\u00fchrten Sie bisher die St\u00fccke &#8220;Der gestiefelte Kater&#8221;, &#8220;Sneewittchen&#8221;, &#8220;Dornr\u00f6schen&#8221;, &#8220;Tischlein deck dich&#8221;, &#8220;K\u00f6nig Drosselbart&#8221;, &#8220;Rumpelstilzchen&#8221;, &#8220;Dr. Allwissend&#8221;, &#8220;Der Teufel mit den drei goldenen Haaren&#8221; und &#8220;Die Bremer Stadtmusikanten&#8221; der Gebr\u00fcder Grimm auf.<\/p>\n\n\n\n<p>Als Kulisse dient seit Beginn die Spielfl\u00e4che vor dem Kannegie\u00dferhaus in Rheine. Weitere Veranstaltungen fanden vor dem Heimathaus Hauenhorst und auf der Emsb\u00fchne statt.<\/p>\n\n\n\n<p>Ludger Quiter arbeitet bei der Erstellung des Textbuches eng mit der&nbsp;<a href=\"http:\/\/www.maerchen-emg.de\/\">Europ\u00e4ischen M\u00e4rchengesellschaft&nbsp;<\/a>mit Sitz in Rheine zusammen, die zus\u00e4tzlich die Schirmherrschaft der Veranstaltungen \u00fcbernommen hat.<\/p>\n\n\n\n<h3 class=\"wp-block-heading\">Aktuell<\/h3>\n\n\n\n<p>Im Jahr 2019 f\u00fchrte die Gruppe das Theaterst\u00fcck &#8220;Rumpelstilzchen&#8221; am Kannegie\u00dferhaus und auf der Emsb\u00fchne auf.<\/p>\n\n\n\n<p>Im Dezember 2019 fand dann im Heimathaus Hauenhorst die Premiere des neuen St\u00fcckes &#8220;Der gestiefelte Kater&#8221; statt. Dieses sollte dann im Jahr 2020 am Kannegie\u00dferhaus und auf der Emsb\u00fchne aufgef\u00fchrt werden. Leider fallen die Auff\u00fchrungen aufgrund der Corona-Pandemie aus.<\/p>\n\n\n\n<h3 class=\"wp-block-heading\">Termine<\/h3>\n\n\n\n<p>Probe immer montags um 18 Uhr im Heimathaus Hauenhorst.<\/p>\n\n\n\n<h3 class=\"wp-block-heading\">Bisherige Auff\u00fchrungen<\/h3>\n\n\n\n<ul class=\"wp-block-list\"><li>2002&nbsp;&nbsp;&nbsp;&nbsp;&nbsp; Der gestiefelte Kater<\/li><li>2003&nbsp;&nbsp;&nbsp;&nbsp;&nbsp; Schneewittchen<\/li><li>2004&nbsp;&nbsp;&nbsp;&nbsp;&nbsp; Dornr\u00f6schen<\/li><li>2005&nbsp;&nbsp;&nbsp;&nbsp;&nbsp; K\u00f6nig Drosselbart<\/li><li>2006&nbsp;&nbsp;&nbsp;&nbsp;&nbsp; Tischchen deck dich, Goldesel und Kn\u00fcppel aus dem Sack<\/li><li>2007&nbsp;&nbsp;&nbsp;&nbsp;&nbsp; Aschenputtel<\/li><li>2008&nbsp;&nbsp;&nbsp;&nbsp;&nbsp; Rumpelstilzchen<\/li><li>2009&nbsp;&nbsp;&nbsp;&nbsp;&nbsp; Dr. Allwissend<\/li><li>2010&nbsp;&nbsp;&nbsp;&nbsp;&nbsp; Der gestiefelte Kater<\/li><li>2011&nbsp;&nbsp;&nbsp;&nbsp;&nbsp; Dornr\u00f6schen<\/li><li>2012&nbsp;&nbsp;&nbsp;&nbsp;&nbsp; Der Teufel mit den drei goldenen Haaren<\/li><li>2013&nbsp;&nbsp;&nbsp;&nbsp;&nbsp; Die Bremer Stadtmusikanten<\/li><li>2014&nbsp;&nbsp;&nbsp;&nbsp;&nbsp; Schneewittchen<\/li><li>2015&nbsp;&nbsp;&nbsp;&nbsp;&nbsp; K\u00f6nig Drosselbart<\/li><li>2016&nbsp;&nbsp;&nbsp;&nbsp;&nbsp; Tischchen deck dich, Goldesel und Kn\u00fcppel aus dem Sack<\/li><li>2017&nbsp;&nbsp;&nbsp;&nbsp;&nbsp; Aschenputtel<\/li><li>2018&nbsp;&nbsp;&nbsp;&nbsp;&nbsp; Dr. Allwissend \/ Rumpelstilzchen<\/li><li>2019&nbsp;&nbsp;&nbsp;&nbsp;&nbsp; Rumpelstlilzchen<\/li><li>2020      Der gestiefelte Kater<\/li><\/ul>\n\n\n\n<p><\/p>\n","protected":false},"excerpt":{"rendered":"<p>Seit dem Jahr 2002 gibt es im Heimatverein Hauenhorst \/ Catenhorn eine Theatergruppe. Sie besteht aus interessierten Laiendarstellern jeden Alters. Unter der Leitung von Ludger Quiter f\u00fchrten Sie bisher die St\u00fccke &#8220;Der gestiefelte Kater&#8221;, &#8220;Sneewittchen&#8221;, &#8220;Dornr\u00f6schen&#8221;, &#8220;Tischlein deck dich&#8221;, &#8220;K\u00f6nig <a class=\"more-link\" href=\"https:\/\/www.heimatverein-hauenhorst.de\/?page_id=153\">Weiterlesen\u00a0\u2026<\/a><\/p>\n","protected":false},"author":1,"featured_media":213,"parent":2,"menu_order":3,"comment_status":"closed","ping_status":"closed","template":"","meta":{"ngg_post_thumbnail":0,"footnotes":""},"class_list":["post-153","page","type-page","status-publish","has-post-thumbnail","hentry"],"_links":{"self":[{"href":"https:\/\/www.heimatverein-hauenhorst.de\/index.php?rest_route=\/wp\/v2\/pages\/153","targetHints":{"allow":["GET"]}}],"collection":[{"href":"https:\/\/www.heimatverein-hauenhorst.de\/index.php?rest_route=\/wp\/v2\/pages"}],"about":[{"href":"https:\/\/www.heimatverein-hauenhorst.de\/index.php?rest_route=\/wp\/v2\/types\/page"}],"author":[{"embeddable":true,"href":"https:\/\/www.heimatverein-hauenhorst.de\/index.php?rest_route=\/wp\/v2\/users\/1"}],"replies":[{"embeddable":true,"href":"https:\/\/www.heimatverein-hauenhorst.de\/index.php?rest_route=%2Fwp%2Fv2%2Fcomments&post=153"}],"version-history":[{"count":3,"href":"https:\/\/www.heimatverein-hauenhorst.de\/index.php?rest_route=\/wp\/v2\/pages\/153\/revisions"}],"predecessor-version":[{"id":197,"href":"https:\/\/www.heimatverein-hauenhorst.de\/index.php?rest_route=\/wp\/v2\/pages\/153\/revisions\/197"}],"up":[{"embeddable":true,"href":"https:\/\/www.heimatverein-hauenhorst.de\/index.php?rest_route=\/wp\/v2\/pages\/2"}],"wp:featuredmedia":[{"embeddable":true,"href":"https:\/\/www.heimatverein-hauenhorst.de\/index.php?rest_route=\/wp\/v2\/media\/213"}],"wp:attachment":[{"href":"https:\/\/www.heimatverein-hauenhorst.de\/index.php?rest_route=%2Fwp%2Fv2%2Fmedia&parent=153"}],"curies":[{"name":"wp","href":"https:\/\/api.w.org\/{rel}","templated":true}]}}