{"id":151,"date":"2020-06-14T17:27:39","date_gmt":"2020-06-14T17:27:39","guid":{"rendered":"http:\/\/wordpress.heimatverein-hauenhorst.de\/?page_id=151"},"modified":"2022-09-16T08:43:20","modified_gmt":"2022-09-16T06:43:20","slug":"spinngruppe","status":"publish","type":"page","link":"https:\/\/www.heimatverein-hauenhorst.de\/?page_id=151","title":{"rendered":"Spinngruppe"},"content":{"rendered":"\n<p>Angeregt durch die Jubil\u00e4umsfeierlichkeiten des Vereins im Jahr 2000, besann man sich auch bei den verschiedenen Darstellungen alten Handwerks auf die alte Haushandarbeitstechnik des Wollspinnens.<\/p>\n\n\n\n<p>Sie wurde vornehmlich in der Winterzeit gemeinsam von den Frauen und jungen M\u00e4dchen an den langen Winterabenden ausge\u00fcbt. Dabei wurde mangels Fernsehen und moderner Unterhaltungselektronik viel erz\u00e4hlt, gemeinsam gesungen und auch mancher Spa\u00df gemacht. Anneliese Heckmann, \u00c4nne Theil und Josefa Wegmann, alle damals auch aktiv in der ehemaligen Seniorentanzgruppe des Vereins, hatten in Ihrer Jugend das Handspinnen bereits praktiziert, sie hatten schnell den Bogen wieder heraus, wie aus der unbearbeiteten Schafswolle ein sch\u00f6ner gleichm\u00e4\u00dfiger Faden zu spinnen ist. Maria Boolke und Angela Dankbar dagegen mussten von der Pike auf die Technik neu erlernen. Aber auch sie erzielten bereits nach kurzer Zeit bereits beachtliche Ergebnisse. Bernhard Dankbar, von Anfang an mit dem Thema befasst, entdeckte in der Literatur \u00fcber Schafswolle eine uralte Handarbeitstechnik f\u00fcr sich, das Nadelbinden. Eine Vorl\u00e4ufertechnik von Stricken und H\u00e4keln, wo mittels einer N\u00e4hnadel auf der Grundlage des Knopflochstichs eigenst\u00e4ndige Textilien hergestellt werden k\u00f6nnen. Arch\u00e4ologische Funde sind bekannt aus der Jungsteinzeit und Bronzezeit.<\/p>\n\n\n\n<p>Aus dem Kreis der f\u00fcnf spinninteressierten Frauen entwickelte sich durch Neuzug\u00e4nge unter der Leitung von Bernhard Dankbar im Laufe der Zeit eine feste Spinngruppe, die nicht nur aus Schafwolle, sondern auch aus Alpakawolle, Seide und Hundehaar Garn produzierte und mit verschiedenen Handarbeits- und Webtechniken gebrauchsf\u00e4hige Textilien herstellt. Diese Gruppe vertritt inzwischen den Heimatverein auf verschiedenen Textilm\u00e4rkten und Spinntreffen und ist auch an jedem 1. Mittwoch im Monat am Aktionstag des Heimatvereins in der Spinnstube im Obergescho\u00df des Heimathauses aktiv t\u00e4tig.<\/p>\n","protected":false},"excerpt":{"rendered":"<p>Angeregt durch die Jubil\u00e4umsfeierlichkeiten des Vereins im Jahr 2000, besann man sich auch bei den verschiedenen Darstellungen alten Handwerks auf die alte Haushandarbeitstechnik des Wollspinnens. Sie wurde vornehmlich in der Winterzeit gemeinsam von den Frauen und jungen M\u00e4dchen an den <a class=\"more-link\" href=\"https:\/\/www.heimatverein-hauenhorst.de\/?page_id=151\">Weiterlesen\u00a0\u2026<\/a><\/p>\n","protected":false},"author":1,"featured_media":443,"parent":2,"menu_order":2,"comment_status":"closed","ping_status":"closed","template":"","meta":{"ngg_post_thumbnail":0,"footnotes":""},"class_list":["post-151","page","type-page","status-publish","has-post-thumbnail","hentry"],"_links":{"self":[{"href":"https:\/\/www.heimatverein-hauenhorst.de\/index.php?rest_route=\/wp\/v2\/pages\/151","targetHints":{"allow":["GET"]}}],"collection":[{"href":"https:\/\/www.heimatverein-hauenhorst.de\/index.php?rest_route=\/wp\/v2\/pages"}],"about":[{"href":"https:\/\/www.heimatverein-hauenhorst.de\/index.php?rest_route=\/wp\/v2\/types\/page"}],"author":[{"embeddable":true,"href":"https:\/\/www.heimatverein-hauenhorst.de\/index.php?rest_route=\/wp\/v2\/users\/1"}],"replies":[{"embeddable":true,"href":"https:\/\/www.heimatverein-hauenhorst.de\/index.php?rest_route=%2Fwp%2Fv2%2Fcomments&post=151"}],"version-history":[{"count":3,"href":"https:\/\/www.heimatverein-hauenhorst.de\/index.php?rest_route=\/wp\/v2\/pages\/151\/revisions"}],"predecessor-version":[{"id":487,"href":"https:\/\/www.heimatverein-hauenhorst.de\/index.php?rest_route=\/wp\/v2\/pages\/151\/revisions\/487"}],"up":[{"embeddable":true,"href":"https:\/\/www.heimatverein-hauenhorst.de\/index.php?rest_route=\/wp\/v2\/pages\/2"}],"wp:featuredmedia":[{"embeddable":true,"href":"https:\/\/www.heimatverein-hauenhorst.de\/index.php?rest_route=\/wp\/v2\/media\/443"}],"wp:attachment":[{"href":"https:\/\/www.heimatverein-hauenhorst.de\/index.php?rest_route=%2Fwp%2Fv2%2Fmedia&parent=151"}],"curies":[{"name":"wp","href":"https:\/\/api.w.org\/{rel}","templated":true}]}}